{"id":492675,"date":"2025-02-14T09:40:16","date_gmt":"2025-02-14T09:40:16","guid":{"rendered":"https:\/\/creativthemes.com\/theme-demo\/mavix-education-pro\/?page_id=216"},"modified":"2025-10-24T15:34:31","modified_gmt":"2025-10-24T18:34:31","slug":"courses","status":"publish","type":"page","link":"https:\/\/sertsc.org.br\/cursos\/courses\/","title":{"rendered":"Nossos Cursos"},"content":{"rendered":"\t\t<div data-elementor-type=\"wp-page\" data-elementor-id=\"492675\" class=\"elementor elementor-492675\">\n\t\t\t\t<div class=\"elementor-element elementor-element-61521453 e-flex e-con-boxed e-con e-parent\" data-id=\"61521453\" data-element_type=\"container\" data-settings=\"{&quot;background_background&quot;:&quot;classic&quot;}\">\n\t\t\t\t\t<div class=\"e-con-inner\">\n\t\t<div class=\"elementor-element elementor-element-7bda4b71 e-con-full e-flex e-con e-child\" data-id=\"7bda4b71\" data-element_type=\"container\">\n\t\t\t\t<div class=\"elementor-element elementor-element-3117f9b elementor-widget elementor-widget-spacer\" data-id=\"3117f9b\" data-element_type=\"widget\" data-widget_type=\"spacer.default\">\n\t\t\t\t\t\t\t<div class=\"elementor-spacer\">\n\t\t\t<div class=\"elementor-spacer-inner\"><\/div>\n\t\t<\/div>\n\t\t\t\t\t\t<\/div>\n\t\t\t\t<\/div>\n\t\t<div class=\"elementor-element elementor-element-822be5e e-con-full e-flex e-con e-child\" data-id=\"822be5e\" data-element_type=\"container\">\n\t\t<div class=\"elementor-element elementor-element-2b747e93 e-con-full e-flex e-con e-child\" data-id=\"2b747e93\" data-element_type=\"container\" data-settings=\"{&quot;background_background&quot;:&quot;classic&quot;}\">\n\t\t\t\t<div class=\"elementor-element elementor-element-64a5e037 elementor-widget elementor-widget-image\" data-id=\"64a5e037\" data-element_type=\"widget\" data-widget_type=\"image.default\">\n\t\t\t\t\t\t\t\t\t\t\t\t\t\t\t<img decoding=\"async\" src=\"http:\/\/creativthemes.com\/theme-demo\/mavix-education-pro\/wp-content\/uploads\/sites\/257\/2025\/02\/mavix-education-course-01.jpg\" title=\"\" alt=\"\" loading=\"lazy\" \/>\t\t\t\t\t\t\t\t\t\t\t\t\t\t\t<\/div>\n\t\t\t\t<div class=\"elementor-element elementor-element-43569e7e elementor-absolute elementor-widget elementor-widget-heading\" data-id=\"43569e7e\" data-element_type=\"widget\" data-settings=\"{&quot;_position&quot;:&quot;absolute&quot;}\" data-widget_type=\"heading.default\">\n\t\t\t\t\t<h2 class=\"elementor-heading-title elementor-size-default\">6 aulas<\/h2>\t\t\t\t<\/div>\n\t\t<div class=\"elementor-element elementor-element-5c58a382 e-con-full e-flex e-con e-child\" data-id=\"5c58a382\" data-element_type=\"container\">\n\t\t\t\t<div class=\"elementor-element elementor-element-17fe1f9a elementor-widget elementor-widget-heading\" data-id=\"17fe1f9a\" data-element_type=\"widget\" data-widget_type=\"heading.default\">\n\t\t\t\t\t<h2 class=\"elementor-heading-title elementor-size-default\">Intermedi\u00e1rio<\/h2>\t\t\t\t<\/div>\n\t\t\t\t<div class=\"elementor-element elementor-element-207c8c83 elementor-widget elementor-widget-heading\" data-id=\"207c8c83\" data-element_type=\"widget\" data-widget_type=\"heading.default\">\n\t\t\t\t\t<h2 class=\"elementor-heading-title elementor-size-default\">Curso Programa\u00e7\u00e3o de R\u00e1dio e TV<\/h2>\t\t\t\t<\/div>\n\t\t\t\t<div class=\"elementor-element elementor-element-3d5c434f elementor-widget elementor-widget-heading\" data-id=\"3d5c434f\" data-element_type=\"widget\" data-widget_type=\"heading.default\">\n\t\t\t\t\t<h2 class=\"elementor-heading-title elementor-size-default\">Esta capacita\u00e7\u00e3o \u00e9 ideal para voc\u00ea, empreendedor da \u00e1rea de radiodifus\u00e3o, que deseja fortalecer art\u00edstica e comercialmente a programa\u00e7\u00e3o da sua emissora.<\/h2>\t\t\t\t<\/div>\n\t\t\t\t<div class=\"elementor-element elementor-element-1ebfa5e2 elementor-widget elementor-widget-heading\" data-id=\"1ebfa5e2\" data-element_type=\"widget\" data-widget_type=\"heading.default\">\n\t\t\t\t\t<h2 class=\"elementor-heading-title elementor-size-default\"><a href=\"https:\/\/sertsc.org.br\/cursos\/curso\/curso-programacao-com-fernando-morgado\/\">Saiba mais<\/a><\/h2>\t\t\t\t<\/div>\n\t\t\t\t<\/div>\n\t\t\t\t<\/div>\n\t\t<div class=\"elementor-element elementor-element-2fcfb94c e-con-full e-flex e-con e-child\" data-id=\"2fcfb94c\" data-element_type=\"container\" data-settings=\"{&quot;background_background&quot;:&quot;classic&quot;}\">\n\t\t\t\t<div class=\"elementor-element elementor-element-2b4ac537 elementor-widget elementor-widget-image\" data-id=\"2b4ac537\" data-element_type=\"widget\" data-widget_type=\"image.default\">\n\t\t\t\t\t\t\t\t\t\t\t\t\t\t\t<img decoding=\"async\" src=\"http:\/\/creativthemes.com\/theme-demo\/mavix-education-pro\/wp-content\/uploads\/sites\/257\/2025\/02\/mavix-education-course-02.jpg\" title=\"\" alt=\"\" loading=\"lazy\" \/>\t\t\t\t\t\t\t\t\t\t\t\t\t\t\t<\/div>\n\t\t\t\t<div class=\"elementor-element elementor-element-148c1235 elementor-absolute elementor-widget elementor-widget-heading\" data-id=\"148c1235\" data-element_type=\"widget\" data-settings=\"{&quot;_position&quot;:&quot;absolute&quot;}\" data-widget_type=\"heading.default\">\n\t\t\t\t\t<h2 class=\"elementor-heading-title elementor-size-default\">6 aulas<\/h2>\t\t\t\t<\/div>\n\t\t<div class=\"elementor-element elementor-element-7dddd12 e-con-full e-flex e-con e-child\" data-id=\"7dddd12\" data-element_type=\"container\">\n\t\t\t\t<div class=\"elementor-element elementor-element-543f5f00 elementor-widget elementor-widget-heading\" data-id=\"543f5f00\" data-element_type=\"widget\" data-widget_type=\"heading.default\">\n\t\t\t\t\t<h2 class=\"elementor-heading-title elementor-size-default\">Intermedi\u00e1rio<\/h2>\t\t\t\t<\/div>\n\t\t\t\t<div class=\"elementor-element elementor-element-1d92b5ee elementor-widget elementor-widget-heading\" data-id=\"1d92b5ee\" data-element_type=\"widget\" data-widget_type=\"heading.default\">\n\t\t\t\t\t<h2 class=\"elementor-heading-title elementor-size-default\">Curso Prospecc\u0327a\u0303o para R\u00e1dio<\/h2>\t\t\t\t<\/div>\n\t\t\t\t<div class=\"elementor-element elementor-element-46902f38 elementor-widget elementor-widget-heading\" data-id=\"46902f38\" data-element_type=\"widget\" data-widget_type=\"heading.default\">\n\t\t\t\t\t<h2 class=\"elementor-heading-title elementor-size-default\">O curso \u00e9 direcionado a profissionais que vendem an\u00fancios ou espa\u00e7o na r\u00e1dio, sejam estes exclusivamente da \u00e1rea comercial ou que atuam como locutores (ou outras fun\u00e7\u00f5es) e tamb\u00e9m vendem.<\/h2>\t\t\t\t<\/div>\n\t\t\t\t<div class=\"elementor-element elementor-element-3d63dfb2 elementor-widget elementor-widget-heading\" data-id=\"3d63dfb2\" data-element_type=\"widget\" data-widget_type=\"heading.default\">\n\t\t\t\t\t<h2 class=\"elementor-heading-title elementor-size-default\"><a href=\"https:\/\/sertsc.org.br\/cursos\/curso\/prospeccao\/\">Saiba mais<\/a><\/h2>\t\t\t\t<\/div>\n\t\t\t\t<\/div>\n\t\t\t\t<\/div>\n\t\t<div class=\"elementor-element elementor-element-1809a9d3 e-con-full e-flex e-con e-child\" data-id=\"1809a9d3\" data-element_type=\"container\" data-settings=\"{&quot;background_background&quot;:&quot;classic&quot;}\">\n\t\t\t\t<div class=\"elementor-element elementor-element-63d6bfa elementor-widget elementor-widget-image\" data-id=\"63d6bfa\" data-element_type=\"widget\" data-widget_type=\"image.default\">\n\t\t\t\t\t\t\t\t\t\t\t\t\t\t\t<img decoding=\"async\" src=\"http:\/\/creativthemes.com\/theme-demo\/mavix-education-pro\/wp-content\/uploads\/sites\/257\/2025\/02\/mavix-education-course-03.jpg\" title=\"\" alt=\"\" loading=\"lazy\" \/>\t\t\t\t\t\t\t\t\t\t\t\t\t\t\t<\/div>\n\t\t\t\t<div class=\"elementor-element elementor-element-2ce4d54e elementor-absolute elementor-widget elementor-widget-heading\" data-id=\"2ce4d54e\" data-element_type=\"widget\" data-settings=\"{&quot;_position&quot;:&quot;absolute&quot;}\" data-widget_type=\"heading.default\">\n\t\t\t\t\t<h2 class=\"elementor-heading-title elementor-size-default\">6 aulas<\/h2>\t\t\t\t<\/div>\n\t\t<div class=\"elementor-element elementor-element-102fb28 e-con-full e-flex e-con e-child\" data-id=\"102fb28\" data-element_type=\"container\">\n\t\t\t\t<div class=\"elementor-element elementor-element-29b53da7 elementor-widget elementor-widget-heading\" data-id=\"29b53da7\" data-element_type=\"widget\" data-widget_type=\"heading.default\">\n\t\t\t\t\t<h2 class=\"elementor-heading-title elementor-size-default\">Intermedi\u00e1rio<\/h2>\t\t\t\t<\/div>\n\t\t\t\t<div class=\"elementor-element elementor-element-7aa556fb elementor-widget elementor-widget-heading\" data-id=\"7aa556fb\" data-element_type=\"widget\" data-widget_type=\"heading.default\">\n\t\t\t\t\t<h2 class=\"elementor-heading-title elementor-size-default\">Curso de Vendas para R\u00e1dio e TV<\/h2>\t\t\t\t<\/div>\n\t\t\t\t<div class=\"elementor-element elementor-element-4e7b4fe4 elementor-widget elementor-widget-heading\" data-id=\"4e7b4fe4\" data-element_type=\"widget\" data-widget_type=\"heading.default\">\n\t\t\t\t\t<h2 class=\"elementor-heading-title elementor-size-default\">Como definir estrat\u00e9gias comerciais? Como usar dados e informa\u00e7\u00f5es para gerar neg\u00f3cios? Como construir relacionamento com ag\u00eancias e anunciantes? Como formular uma boa proposta comercial?<\/h2>\t\t\t\t<\/div>\n\t\t\t\t<div class=\"elementor-element elementor-element-6f615e8e elementor-widget elementor-widget-heading\" data-id=\"6f615e8e\" data-element_type=\"widget\" data-widget_type=\"heading.default\">\n\t\t\t\t\t<h2 class=\"elementor-heading-title elementor-size-default\"><a href=\"https:\/\/sertsc.org.br\/cursos\/curso\/curso-de-vendas-para-radio-e-tv\/\">Saiba mais<\/a><\/h2>\t\t\t\t<\/div>\n\t\t\t\t<\/div>\n\t\t\t\t<\/div>\n\t\t\t\t<\/div>\n\t\t<div class=\"elementor-element elementor-element-ac94d07 e-con-full e-flex e-con e-child\" data-id=\"ac94d07\" data-element_type=\"container\">\n\t\t<div class=\"elementor-element elementor-element-ce1c658 e-con-full e-flex e-con e-child\" data-id=\"ce1c658\" data-element_type=\"container\" data-settings=\"{&quot;background_background&quot;:&quot;classic&quot;}\">\n\t\t\t\t<div class=\"elementor-element elementor-element-3a34f8b elementor-widget elementor-widget-image\" data-id=\"3a34f8b\" data-element_type=\"widget\" data-widget_type=\"image.default\">\n\t\t\t\t\t\t\t\t\t\t\t\t\t\t\t<img fetchpriority=\"high\" decoding=\"async\" width=\"480\" height=\"360\" src=\"https:\/\/sertsc.org.br\/cursos\/wp-content\/uploads\/2025\/09\/cp_1023b.png\" class=\"attachment-large size-large wp-image-492757\" alt=\"\" srcset=\"https:\/\/sertsc.org.br\/cursos\/wp-content\/uploads\/2025\/09\/cp_1023b.png 480w, https:\/\/sertsc.org.br\/cursos\/wp-content\/uploads\/2025\/09\/cp_1023b-300x225.png 300w\" sizes=\"(max-width: 480px) 100vw, 480px\" \/>\t\t\t\t\t\t\t\t\t\t\t\t\t\t\t<\/div>\n\t\t\t\t<div class=\"elementor-element elementor-element-4fe4017 elementor-absolute elementor-widget elementor-widget-heading\" data-id=\"4fe4017\" data-element_type=\"widget\" data-settings=\"{&quot;_position&quot;:&quot;absolute&quot;}\" data-widget_type=\"heading.default\">\n\t\t\t\t\t<h2 class=\"elementor-heading-title elementor-size-default\">4 aulas<\/h2>\t\t\t\t<\/div>\n\t\t<div class=\"elementor-element elementor-element-671b562 e-con-full e-flex e-con e-child\" data-id=\"671b562\" data-element_type=\"container\">\n\t\t\t\t<div class=\"elementor-element elementor-element-f9be17a elementor-widget elementor-widget-heading\" data-id=\"f9be17a\" data-element_type=\"widget\" data-widget_type=\"heading.default\">\n\t\t\t\t\t<h2 class=\"elementor-heading-title elementor-size-default\">Intermedi\u00e1rio<\/h2>\t\t\t\t<\/div>\n\t\t\t\t<div class=\"elementor-element elementor-element-29df376 elementor-widget elementor-widget-heading\" data-id=\"29df376\" data-element_type=\"widget\" data-widget_type=\"heading.default\">\n\t\t\t\t\t<h2 class=\"elementor-heading-title elementor-size-default\">Curso Venda Consultiva para Radiodifus\u00e3o<\/h2>\t\t\t\t<\/div>\n\t\t\t\t<div class=\"elementor-element elementor-element-80803ea elementor-widget elementor-widget-heading\" data-id=\"80803ea\" data-element_type=\"widget\" data-widget_type=\"heading.default\">\n\t\t\t\t\t<h2 class=\"elementor-heading-title elementor-size-default\">O curso \u00e9 direcionado a profissionais que vendem an\u00fancios ou espa\u00e7o na r\u00e1dio, sejam estes exclusivamente da \u00e1rea comercial ou que atuam como locutores (ou outras fun\u00e7\u00f5es) e tamb\u00e9m vendem.<\/h2>\t\t\t\t<\/div>\n\t\t\t\t<div class=\"elementor-element elementor-element-1d2e056 elementor-widget elementor-widget-heading\" data-id=\"1d2e056\" data-element_type=\"widget\" data-widget_type=\"heading.default\">\n\t\t\t\t\t<h2 class=\"elementor-heading-title elementor-size-default\"><a href=\"https:\/\/sertsc.org.br\/cursos\/curso\/vendaconsultiva\/\">Saiba mais<\/a><\/h2>\t\t\t\t<\/div>\n\t\t\t\t<\/div>\n\t\t\t\t<\/div>\n\t\t<div class=\"elementor-element elementor-element-523c5d9 e-con-full e-flex e-con e-child\" data-id=\"523c5d9\" data-element_type=\"container\" data-settings=\"{&quot;background_background&quot;:&quot;classic&quot;}\">\n\t\t\t\t<div class=\"elementor-element elementor-element-3a049ee elementor-widget elementor-widget-image\" data-id=\"3a049ee\" data-element_type=\"widget\" data-widget_type=\"image.default\">\n\t\t\t\t\t\t\t\t\t\t\t\t\t\t\t<img decoding=\"async\" width=\"480\" height=\"360\" src=\"https:\/\/sertsc.org.br\/cursos\/wp-content\/uploads\/2025\/09\/cp_1023.png\" class=\"attachment-large size-large wp-image-492756\" alt=\"\" srcset=\"https:\/\/sertsc.org.br\/cursos\/wp-content\/uploads\/2025\/09\/cp_1023.png 480w, https:\/\/sertsc.org.br\/cursos\/wp-content\/uploads\/2025\/09\/cp_1023-300x225.png 300w\" sizes=\"(max-width: 480px) 100vw, 480px\" \/>\t\t\t\t\t\t\t\t\t\t\t\t\t\t\t<\/div>\n\t\t\t\t<div class=\"elementor-element elementor-element-4814344 elementor-absolute elementor-widget elementor-widget-heading\" data-id=\"4814344\" data-element_type=\"widget\" data-settings=\"{&quot;_position&quot;:&quot;absolute&quot;}\" data-widget_type=\"heading.default\">\n\t\t\t\t\t<h2 class=\"elementor-heading-title elementor-size-default\">7 aulas<\/h2>\t\t\t\t<\/div>\n\t\t<div class=\"elementor-element elementor-element-bae3db9 e-con-full e-flex e-con e-child\" data-id=\"bae3db9\" data-element_type=\"container\">\n\t\t\t\t<div class=\"elementor-element elementor-element-132187c elementor-widget elementor-widget-heading\" data-id=\"132187c\" data-element_type=\"widget\" data-widget_type=\"heading.default\">\n\t\t\t\t\t<h2 class=\"elementor-heading-title elementor-size-default\">Intermedi\u00e1rio<\/h2>\t\t\t\t<\/div>\n\t\t\t\t<div class=\"elementor-element elementor-element-cdb5ccc elementor-widget elementor-widget-heading\" data-id=\"cdb5ccc\" data-element_type=\"widget\" data-widget_type=\"heading.default\">\n\t\t\t\t\t<h2 class=\"elementor-heading-title elementor-size-default\">Abordagem de vendas<\/h2>\t\t\t\t<\/div>\n\t\t\t\t<div class=\"elementor-element elementor-element-f09c545 elementor-widget elementor-widget-heading\" data-id=\"f09c545\" data-element_type=\"widget\" data-widget_type=\"heading.default\">\n\t\t\t\t\t<h2 class=\"elementor-heading-title elementor-size-default\">O curso \u00e9 direcionado a profissionais que vendem an\u00fancios ou espa\u00e7o na r\u00e1dio, sejam estes exclusivamente da \u00e1rea comercial ou que atuam como locutores (ou outras fun\u00e7\u00f5es) e tamb\u00e9m vendem.<\/h2>\t\t\t\t<\/div>\n\t\t\t\t<div class=\"elementor-element elementor-element-cd2bf7e elementor-widget elementor-widget-heading\" data-id=\"cd2bf7e\" data-element_type=\"widget\" data-widget_type=\"heading.default\">\n\t\t\t\t\t<h2 class=\"elementor-heading-title elementor-size-default\"><a href=\"https:\/\/sertsc.org.br\/cursos\/curso\/abordagemvendas\/\">Saiba mais<\/a><\/h2>\t\t\t\t<\/div>\n\t\t\t\t<\/div>\n\t\t\t\t<\/div>\n\t\t<div class=\"elementor-element elementor-element-80e4977 e-con-full e-flex e-con e-child\" data-id=\"80e4977\" data-element_type=\"container\" data-settings=\"{&quot;background_background&quot;:&quot;classic&quot;}\">\n\t\t\t\t<div class=\"elementor-element elementor-element-4af2180 elementor-widget elementor-widget-image\" data-id=\"4af2180\" data-element_type=\"widget\" data-widget_type=\"image.default\">\n\t\t\t\t\t\t\t\t\t\t\t\t\t\t\t<img decoding=\"async\" width=\"480\" height=\"360\" src=\"https:\/\/sertsc.org.br\/cursos\/wp-content\/uploads\/2025\/09\/cp_1023d.png\" class=\"attachment-large size-large wp-image-492759\" alt=\"\" srcset=\"https:\/\/sertsc.org.br\/cursos\/wp-content\/uploads\/2025\/09\/cp_1023d.png 480w, https:\/\/sertsc.org.br\/cursos\/wp-content\/uploads\/2025\/09\/cp_1023d-300x225.png 300w\" sizes=\"(max-width: 480px) 100vw, 480px\" \/>\t\t\t\t\t\t\t\t\t\t\t\t\t\t\t<\/div>\n\t\t\t\t<div class=\"elementor-element elementor-element-e062c65 elementor-absolute elementor-widget elementor-widget-heading\" data-id=\"e062c65\" data-element_type=\"widget\" data-settings=\"{&quot;_position&quot;:&quot;absolute&quot;}\" data-widget_type=\"heading.default\">\n\t\t\t\t\t<h2 class=\"elementor-heading-title elementor-size-default\">3 aulas<\/h2>\t\t\t\t<\/div>\n\t\t<div class=\"elementor-element elementor-element-ce692bb e-con-full e-flex e-con e-child\" data-id=\"ce692bb\" data-element_type=\"container\">\n\t\t\t\t<div class=\"elementor-element elementor-element-e95c54d elementor-widget elementor-widget-heading\" data-id=\"e95c54d\" data-element_type=\"widget\" data-widget_type=\"heading.default\">\n\t\t\t\t\t<h2 class=\"elementor-heading-title elementor-size-default\">Intermedi\u00e1rio<\/h2>\t\t\t\t<\/div>\n\t\t\t\t<div class=\"elementor-element elementor-element-8fe72f5 elementor-widget elementor-widget-heading\" data-id=\"8fe72f5\" data-element_type=\"widget\" data-widget_type=\"heading.default\">\n\t\t\t\t\t<h2 class=\"elementor-heading-title elementor-size-default\">Marketing de Indicac\u0327a\u0303o e Potencializa\u00e7\u00e3o da Carteira<\/h2>\t\t\t\t<\/div>\n\t\t\t\t<div class=\"elementor-element elementor-element-fc7ced3 elementor-widget elementor-widget-heading\" data-id=\"fc7ced3\" data-element_type=\"widget\" data-widget_type=\"heading.default\">\n\t\t\t\t\t<h2 class=\"elementor-heading-title elementor-size-default\">Este curso \u00e9 direcionado para funcion\u00e1rios e gestores que precisam alavancar os resultados comerciais e t\u00eam poucos recursos para investir em prospec\u00e7\u00e3o de anunciantes.<\/h2>\t\t\t\t<\/div>\n\t\t\t\t<div class=\"elementor-element elementor-element-9b64a5d elementor-widget elementor-widget-heading\" data-id=\"9b64a5d\" data-element_type=\"widget\" data-widget_type=\"heading.default\">\n\t\t\t\t\t<h2 class=\"elementor-heading-title elementor-size-default\"><a href=\"https:\/\/sertsc.org.br\/cursos\/curso\/marketing-de-indicacao\/\">Saiba mais<\/a><\/h2>\t\t\t\t<\/div>\n\t\t\t\t<\/div>\n\t\t\t\t<\/div>\n\t\t\t\t<\/div>\n\t\t\t\t\t<\/div>\n\t\t\t\t<\/div>\n\t\t\t\t<\/div>\n\t\t","protected":false},"excerpt":{"rendered":"<p>6 aulas Intermedi\u00e1rio Curso Programa\u00e7\u00e3o de R\u00e1dio e TV Esta [&hellip;]<\/p>\n","protected":false},"author":1,"featured_media":0,"parent":0,"menu_order":0,"comment_status":"closed","ping_status":"closed","template":"elementor_header_footer","meta":{"footnotes":""},"class_list":["post-492675","page","type-page","status-publish","hentry"],"_links":{"self":[{"href":"https:\/\/sertsc.org.br\/cursos\/wp-json\/wp\/v2\/pages\/492675","targetHints":{"allow":["GET"]}}],"collection":[{"href":"https:\/\/sertsc.org.br\/cursos\/wp-json\/wp\/v2\/pages"}],"about":[{"href":"https:\/\/sertsc.org.br\/cursos\/wp-json\/wp\/v2\/types\/page"}],"author":[{"embeddable":true,"href":"https:\/\/sertsc.org.br\/cursos\/wp-json\/wp\/v2\/users\/1"}],"replies":[{"embeddable":true,"href":"https:\/\/sertsc.org.br\/cursos\/wp-json\/wp\/v2\/comments?post=492675"}],"version-history":[{"count":23,"href":"https:\/\/sertsc.org.br\/cursos\/wp-json\/wp\/v2\/pages\/492675\/revisions"}],"predecessor-version":[{"id":492949,"href":"https:\/\/sertsc.org.br\/cursos\/wp-json\/wp\/v2\/pages\/492675\/revisions\/492949"}],"wp:attachment":[{"href":"https:\/\/sertsc.org.br\/cursos\/wp-json\/wp\/v2\/media?parent=492675"}],"curies":[{"name":"wp","href":"https:\/\/api.w.org\/{rel}","templated":true}]}}